).
2, 3, 467
Let v(x) = -x**3 - 13*x**2 - 38*x - 7. Let f be v(-9). What are the prime factors of (-13 + f - 30*7)/(-2)?
2, 53
Let q = 1663 - 991. Suppose 0 = 10*l + 2*l - q. Let p = l - 15. What are the prime factors of p?
41
Let f be ((-10)/(-15))/(0 - (-4)/18). List the prime factors of ((-1)/2)/(-1*f/708).
2, 59
Suppose 5*h = v + 52593, 0 = -10*h + 6*h - 4*v + 42084. List the prime factors of h.
67, 157
Let k be (1/(2/2))/(31/279). Suppose 0 = -4*z + k*w - 6*w + 228, z - 50 = -w. What are the prime factors of z?
2, 3
Let q(o) = 298*o**2 - 7*o + 5. Let j be q(2). Let p = -420 + j. Suppose 18*i - p = 1037. What are the prime factors of i?
2, 5
Suppose 4*j + 2*g + 2 = g, 2*j + 5*g + 10 = 0. Let a be 1/3*936/13. Suppose j = 3*q + 3*l - 102, 3*q - 96 = 3*l - a. What are the prime factors of q?
29
List the prime factors of (268/(-32))/(17/340)*104/(-10).
2, 13, 67
Let h = -22 - -22. Suppose -s - 31 + 35 = h. Suppose 3*z - 18 = -4*o, s*o - 22 = z - 6*z. What are the prime factors of o?
3
Let j(w) = w**2 - 11. Let c be j(0). List the prime factors of (-48)/(-56)*c/((-99)/84).
2
Suppose -4*q - q = -3*k - 98, -3*q + 86 = 5*k. Suppose 5*a = -d - 3*d - 28, -d = 5*a + q. Let v(u) = -12*u**3 + u**2 + u - 3. List the prime factors of v(d).
5, 19
Suppose -3967 - 2013 = -4*s. Suppose -2*q + s = 4*i + 23, 0 = -5*i - 3*q + 1839. Suppose i = 5*w - 206. What are the prime factors of w?
5, 23
Let b be 43 + 2 + 150/(-30). List the prime factors of b/5 - 4 - -439.
443
Let t = -207 + 227. List the prime factors of (-6)/(-15) + 1592/t + 3.
83
Let j = -285 + 49. Let b = 155 - j. What are the prime factors of b?
17, 23
Suppose -265118 - 133507 = -64*b - 64225. List the prime factors of b.
5, 11, 19
Let u(k) = -72*k + 34. Let z be u(-4). Let i = z + -230. What are the prime factors of i?
2, 23
Let i(o) = -o**3 + 22*o**2 + 18*o + 23. Let v be i(23). Let q = -241 + v. List the prime factors of ((-1)/((-15)/(-10)))/(2/q).
3, 37
Let r(s) = 2*s + 31. Suppose 4*v + 11 = -3*q - 1, 3*q + 12 = 0. Suppose -5*n + 0*n + 2*n = v. What are the prime factors of r(n)?
31
What are the prime factors of (-21815)/(-3) + 31/93?
2, 3, 101
Suppose -21*j - 54*j = 23*j - 1158752. List the prime factors of j.
2, 739
Suppose 1483 = 3*p - 611. List the prime factors of p.
2, 349
Let o(i) = -3*i**2 - 7*i - 8. Let w be 58/(-7) - 6/(-21). Let l be o(w). Let u = 244 + l. List the prime factors of u.
2, 5
Suppose 9*o - 3693 - 60910 = -2*o. List the prime factors of o.
7, 839
Let u be ((-662)/(-6))/((4/2)/12). Suppose u + 226 = 4*x. List the prime factors of x.
2, 3, 37
Let a(b) = 329*b**2 + 40*b - 2. What are the prime factors of a(-10)?
2, 16249
Let j(r) = -r**3 - 3*r + 324. Let x be j(0). Suppose -5*l + 416 = p + 3*p, p = -4*l + x. What are the prime factors of l?
2, 5
Let o(t) = -t**3 - 23*t**2 + 15*t - 146. List the prime factors of o(-31).
3, 7, 337
Let q(x) = 2*x**3 - 6*x**2 + 2. Let z be q(4). Suppose 262 = 3*o + 82. Let d = o - z. What are the prime factors of d?
2, 13
Suppose -16*q - 76 = -35*q. Let i be -1*3*(2 - -2)/(-4). Suppose q*c = -i*d + 681, -5*d + 850 = 4*c + c. What are the prime factors of c?
3, 19
Let a be ((-4)/6)/(6/(-279)). List the prime factors of a + (1 - -24)/5.
2, 3
Let w = -1690 - -1692. Let k be (-14)/4*(-6)/3. Suppose k*z - w*z = 365. What are the prime factors of z?
73
Suppose -5*p - x - 475 = 0, 0*x + 5*x = 3*p + 285. Let y(o) = -2*o**2 + 38*o + 28. Let n be y(13). Let m = n + p. List the prime factors of m.
89
Let y = 51260 + -27053. List the prime factors of y.
3, 8069
Let l(y) = 14*y**2 + 3*y. Let r be 105/(-33) - (-12)/66. List the prime factors of l(r).
3, 13
Suppose 98 = -d + 8*d. Let r be 46/d - 8/28. Suppose -r*l + 49 + 20 = 3*y, 4*y - 68 = -3*l. What are the prime factors of l?
2, 3
Let d be (2/2 - 2)*(17 + 4). Let v(i) = i**3 + 22*i**2 + 23*i + 46. Let m be v(d). Suppose r - 1345 = -m*r. List the prime factors of r.
269
Suppose -1311264 = 323*q - 359*q. What are the prime factors of q?
2, 29, 157
Let a(f) = 2*f**2 - 3*f - 2. Let r be a(-1). Let w be 32/(-12) + 2 + (-7)/r. List the prime factors of (w + 2)*(0 + 3 - 74).
71
Let n(x) = 39*x**2 + 33*x**2 + 2*x**3 + 514 - 7*x - 74*x**2. What are the prime factors of n(0)?
2, 257
Suppose -4*w - 5*h = -66420, -2*w + 839 = 5*h - 32381. List the prime factors of w.
2, 5, 83
Let f = 421 - 415. What are the prime factors of f/16 + 5 + 27764/32?
3, 97
Suppose 2*p = 2*f + 3*f - 2388, 5*f - 4*p = 2396. Let n = f + 59. Let x = n + -319. What are the prime factors of x?
2, 3
Let f(p) = -15*p - 60. Let y be f(-4). List the prime factors of (3 - y) + (385 - 12).
2, 47
Let w(g) = -g**2 - 11*g - 5. Let i be w(-9). Let c(p) = -p**3 + 14*p**2 + 10*p + 29. What are the prime factors of c(i)?
2, 41
Suppose 2*j - j = 2*d + 1028, -3*j + d = -3079. Suppose -1361*q - j = -1362*q. What are the prime factors of q?
2, 3, 19
Suppose -621043 = -151*f + 72198. List the prime factors of f.
4591
Let h = 7 + -11. Let x(d) = -6*d + 62. Let r be x(8). What are the prime factors of (7*r)/(6 + (-8 - h))?
7
Suppose 12 = 4*z, 0*a = -3*a - 2*z + 12. Suppose a*i = -9 - 11. What are the prime factors of 117/7 - i/35?
17
Let k = 612 + -425. Suppose -2*x + 2*m = -1790, -2*x - k + 1978 = -3*m. List the prime factors of x.
2, 3, 149
Let f(t) be the first derivative of t**5/30 + t**4/24 + 4*t**3/3 - 3*t**2 + 22. Let j(n) be the second derivative of f(n). What are the prime factors of j(-7)?
3, 11
Let d(r) = r**2 + 8*r - 69. Let i be d(-13). List the prime factors of 21/(-7) - i - -219.
2, 5, 11
Suppose -116062 = 8*g - 117297 - 381061. List the prime factors of g.
3, 17, 937
Suppose -7*n - 3 = 4. Let b be 58*(-3)/(-18) + n/(-3). Suppose -1162 = -b*a + 168. What are the prime factors of a?
7, 19
Suppose -47*t - 140 = -12*t. Let s = -12 + 6. List the prime factors of (s/(-20)*t)/((-6)/105).
3, 7
Suppose 5399985 - 3593063 = 165*l - 10171253. List the prime factors of l.
5, 14519
Let y(m) = 5*m - 22. Let d be y(-10). Let v be (4 + -3)*-1*d. What are the prime factors of v/16*(-104)/(-6)?
2, 3, 13
Let l(z) = -682*z + 4436. List the prime factors of l(-19).
2, 3, 13, 223
Let m be ((-154)/(-33))/(776/(-390) - -2). Let c = m + -139. List the prime factors of c.
2, 79
Let m be 10/(-40) + (-1)/(8/(-2786)). Let u be (m/15)/(5/(25/2)). Suppose -2*r - 174 = -4*k, 2*k - 14 - u = -2*r. What are the prime factors of k?
41
Let f = 132 - 146. Let q(o) = -3*o**2 - o + 2. Let h be q(-3). Let m = f - h. List the prime factors of m.
2
Suppose 3*h + h = -8. Suppose -5*q + 28*w - 32*w = 33, 2*w + 24 = -4*q. What are the prime factors of (q/h)/(3/150)?
5
Let a be (13 - 1)/(6 + -3). Let f(v) = 346*v + 66. What are the prime factors of f(a)?
2, 5, 29
What are the prime factors of 723695/116 - ((-9)/12)/(-1)?
2, 3119
Let k(r) = 19*r**2 - 3*r + 2. Let m(v) = 37*v**2 - 6*v + 4. Let h(p) = 5*k(p) - 2*m(p). Let n = 789 + -787. What are the prime factors of h(n)?
2, 5
Let o(i) = -i**3 - 2*i**2 - 2*i - 12. Let f be o(-3). List the prime factors of (74/(-5))/((-8)/840*f).
2, 7, 37
Let d = -3 - -5. Let g(q) = q**2 - 2*q + 3. Let z be g(d). Suppose -4*l + z*x + 211 + 134 = 0, -4*l - 2*x = -330. What are the prime factors of l?
2, 3, 7
Let d be (-18 + 33)*(-2)/2. List the prime factors of 702/(-15)*(295/d + 3).
2, 3, 5, 13
Suppose -151*j + 154*j - 30964 = -4*g, -5*j = -g + 7718. What are the prime factors of g?
2, 53, 73
Let t = 108 + -413. Let u = -121 - t. Suppose 5*r = -k + 478, -3*r + 4*k - u = -5*r. List the prime factors of r.
2, 3
Suppose -2*t - 6*k + 5*k + 8 = 0, 3*k - 20 = -5*t. Suppose -392 + 328 = -t*d. List the prime factors of d.
2
Let t be (6 - 16)/((-1 - 0)*1). Suppose -5*p + 6 = 4*c - 29, 5*p - t = c. Suppose -4*l + 526 = i, 4*l + p*i = 2*l + 268. What are the prime factors of l?
131
Let c = 10815 - 2037. List the prime factors of c.
2, 3, 7, 11, 19
Suppose u + 2*u + 5*h = 110119, -3*u + 5*h + 110129 = 0. What are the prime factors of u?
2, 3, 7, 19, 23
Let m(k) = 8*k**3 + 1. Let c be m(1). Suppose c + 7 = -4*s. What are the prime factors of (-1869)/(-28) + (-1)/s?
67
Suppose 27 = -0*l + 9*l. Suppose l*u = 3 + 6. Suppose u*g = -5*g + 256. List the prime factors of g.
2
Let i(k) = 33*k + 1369. Let f be i(-25). Let w be -3*(-3)/((-18)/622). Let h = w + f. List the prime factor